1/(-1). Suppose w + 4 = u*w. Let l(j) = -2*j**3 + 4*j**2 - 4*j + 3. Calculate l(w).
-5
Suppose 0 = d + 5. Let h(n) = n**3 + 6*n**2 + 6*n + 2. Calculate h(d).
-3
Let g(x) = -2*x**2 - 9*x - 5. Let j(v) be the third derivative of -v**4/24 + 7*v**2. Let h(z) = g(z) - 2*j(z). Determine h(-4).
-9
Suppose 0 = 4*a - 2*s + 6, 5*s - 1 = 3*a - 0*a. Let l(h) = -h - 2. Give l(a).
0
Let i(v) = 7*v**2 - v. Let m be i(-1). Suppose 0 = -0*z - 2*z - m. Let c(r) = r + 1. Let l be c(z). Let u(f) = -f**3 - 4*f**2 - f + 2. Calculate u(l).
-4
Let d(w) = -5*w + 1. Let p(x) = 4*x - 1. Let j(a) = -3*d(a) - 4*p(a). Let z be j(0). Let l(y) = 8*y - 1. Calculate l(z).
7
Let y(a) = -6*a - 2. Let b(m) = m. Let k(l) = -5*b(l) - y(l). Suppose -3*s - 2*s + 55 = 0. Suppose w + s = -5*r, -4*w - 14 = -2*r - 9*w. Determine k(r).
-1
Suppose 0 = 3*m - 5*m - 2*a + 4, -3*m + 3*a - 24 = 0. Let d = -11 - -10. Let y be d*((-3)/m + 0). Let b(k) = k**3 + 2*k**2 + 2*k + 1. Give b(y).
0
Let i(p) = p + 4. Let y(t) = -t**2 - 2*t + 6. Let d be y(-5). Let x = -14 - d. Determine i(x).
-1
Let v(m) = -2 - 5*m + 4 + m**2 - m. What is v(6)?
2
Let b(k) = -2*k. Let c(z) = z. Let n(t) = -2*b(t) - 3*c(t). Suppose 0 = 5*o - 0*o - 30. Suppose o*y = y + 30. Calculate n(y).
6
Suppose -5*w + 40 = -3*w + 5*l, -22 = -2*w + 4*l. Suppose -g - 2*t = 8, -g + w = -6*g - 5*t. Let j(o) = 0 - 3 + g - o. Give j(0).
-1
Let b(q) = -q - 6. Let k(z) = -3*z - 3. Let s be k(3). Let u = s + 7. What is b(u)?
-1
Let x(k) be the second derivative of -k**5/20 - 7*k**4/12 - k**3/6 + 2*k**2 - 59*k. Give x(-7).
11
Let t(b) be the second derivative of -4*b - 1/12*b**4 - 2*b**2 + 0 - 5/6*b**3. Calculate t(-3).
2
Let q(z) = z**3 + 7*z**2 + 6*z - 2. Let l be q(-6). Let a(f) = 3*f - 3. Let p be a(2). Let n(d) = 0*d - 2*d - d**2 + p*d + 0*d. Determine n(l).
-6
Let m(v) = 4*v**2 - 4*v - 6. Let l = 1 - 8. Let h(o) = 9*o**2 - 8*o - 13. Let z(u) = l*m(u) + 3*h(u). Give z(3).
6
Let d(r) = 61 + 61 - 4*r - 123. Calculate d(-1).
3
Let g(f) = -7*f**2 - 2*f - 1. Let v(d) = d**2 + 4 + 0*d - 8*d + 2*d. Let t be v(5). Determine g(t).
-6
Let d(l) = 9 - 21 + 0 + l + 4. Determine d(0).
-8
Let b(s) = -s**2 + 3*s + 2. Let u(z) = -2*z**2 + 4*z + 3. Let v(d) = -3*b(d) + 2*u(d). Let a = -1 - -1. Suppose 4*r + 3*o = -6, -r = -o - 2 - a. What is v(r)?
0
Let c be (-2)/(-5) - 14/10. Let b(f) = 2*f**2 - 2*f - 1. Give b(c).
3
Let n(s) = 7*s + 16. Let p be n(-3). Let v(g) = -g**3 - 4*g**2 + 5*g - 5. Determine v(p).
-5
Let r(x) = -54 + 17 - x + 16 + 22. Determine r(-1).
2
Let t(r) = -r**2 - 5*r + 5. Let v(y) = 6*y + 13. Let a be v(-3). Determine t(a).
5
Let k = -28 - -19. Let i(l) = -l**2 - 10*l - 11. Let m be i(k). Let q(h) = 4*h - 1. Determine q(m).
-9
Let s(g) = 10*g - 2*g + 3*g**2 + 2*g**2 - 4*g**2. Calculate s(-9).
9
Let n(q) = q**2 + 5*q - 2. Let k(v) = v**2 - 5*v + 6. Let x be k(5). Let f be -7 + 1/(3/x). Calculate n(f).
-2
Let k(r) = 0*r + 0 + 2 - r - 2*r. Let g be 4/6 + (-86)/(-6). Suppose h - g = -4*s, s - 4*h + 6 + 3 = 0. Calculate k(s).
-7
Let h(f) = f**2 - 1. Let b(i) = 2*i**2 + 2*i. Let u be b(-1). Calculate h(u).
-1
Let r(k) = 14*k**3 + 26*k**2 - 8*k + 14. Let h be 0 + 19 + (0 - 2). Let x(j) = 5*j**3 + 9*j**2 - 3*j + 5. Let a(d) = h*x(d) - 6*r(d). Determine a(3).
-8
Let s(c) be the second derivative of -1/12*c**4 + 0*c**2 - 1/6*c**3 + 0 + 7/20*c**5 - 8*c. What is s(-1)?
-7
Let w(m) = -6*m - 8*m + 5*m. Determine w(1).
-9
Let i be (-2)/(-4) + 11/(-22). Let r(v) = -7*v**2 - 3*v + 17. Let q(g) = 3*g**2 + g - 8. Let j(o) = 5*q(o) + 2*r(o). What is j(i)?
-6
Let i = 0 - 2. Let p be i + 0 + (-2 - -2). Let l(q) be the second derivative of -q**3/2 + q**2/2 + q. Calculate l(p).
7
Let b(m) = -m**3 - 5*m**2 - 2*m + 3. Let f(h) = 3*h**3 - 2*h**2 + 1. Let i be f(-1). What is b(i)?
-5
Let u(m) = m**2 - 8*m + 4. Let r be u(8). Let f(g) = -r - 6*g + 1 + 2. Determine f(2).
-13
Let h(v) = 5*v - 57. Let i be h(13). Let b(f) = -f + 15. Give b(i).
7
Let c(v) = -4*v - 2 + 6 + 5*v. Let m be (-14 - 1)*(-2)/6. Determine c(m).
9
Let w(g) = -4*g**3 + g**2 - 5*g + 4. Let d(p) = -3*p**3 - 5*p + 3. Let r(q) = -5*d(q) + 4*w(q). Let c be ((-24)/(-3))/4 - -3. Give r(c).
1
Let w(a) = -4*a + 3. Let k be (-2 + 1)*24/(-12). Give w(k).
-5
Let n(p) = p**2 + p + 3. Let h be n(0). Let i(o) = h*o - o - o**3 - 6 + 3*o + 3*o**2. Let z(k) = k**3 - 5*k**2 + 5*k. Let j be z(4). Calculate i(j).
-2
Let g = -19 - -21. Let f(r) = r**2 + r. Let y(l) = 3*l**2 + 3*l + 2. Let j(s) = -2*f(s) + y(s). Calculate j(g).
8
Let r = -4 - -3. Let z(i) be the second derivative of -2*i**5/5 + i**4/12 + i**3/6 + i. Give z(r).
8
Let r(y) be the second derivative of y**3/3 + y**2/2 - 2*y. Suppose 3*g - 5*g = 10, -3*t = -g - 2. Calculate r(t).
-1
Suppose -4*i = 3*i. Let j(l) be the first derivative of 2 - 2/3*l**3 + l + i*l**2. Give j(-1).
-1
Let k = -6 + 1. Let n = -6 - -10. Let i(g) = n*g - 3*g + 7 - 1. What is i(k)?
1
Let y(j) be the third derivative of j**6/120 + j**5/60 + j**4/24 - j**3/2 - 16*j**2. Give y(0).
-3
Suppose 0*u = -u + 4*q + 2, 2*u + 5*q - 17 = 0. Suppose -3 = 3*t + 4*v, -6*t + u = -3*t + v. Let h(x) = x**2 + 1. Calculate h(t).
10
Let i = -14 - -10. Let v(r) = 1 + r - 7 - 4*r. What is v(i)?
6
Let s be (11/(-5))/(10/(-50)). Let a be 0 + 2 + -7 - -1. Let k(b) = -18*b - 8. Let q(n) = -6*n - 3. Let l(u) = a*k(u) + s*q(u). Calculate l(1).
5
Let o(y) = -y + 1. Let l = 1 + 39. Suppose p = -3*p + l. Let g be p/(-6) + 4/(-12). Determine o(g).
3
Let n(q) be the first derivative of -q**2 + 5*q - 32. Suppose -5*i = 4*k - 34, -2*i + 13 = 3*k - 2*k. Give n(i).
-7
Let c(u) = -2*u. Let n be (-36)/15*15/(-6). Determine c(n).
-12
Suppose -2*o + 12 = -2*b, 2*b = 2*o - o - 10. Let q = 7 - o. Let p(w) = w**3 - 4*w**2 - 7*w + 7. Determine p(q).
-3
Let c = 15 + -15. Let o(t) be the second derivative of -5/12*t**4 - t - 1/20*t**5 + c - 1/3*t**3 + 2*t**2. Give o(-3).
-8
Suppose -5*n = -25 - 30. Suppose -5*d = -51 + n. Suppose -4*v + d*v = 0. Let q(w) = -w**3 - w**2 + w - 5. Calculate q(v).
-5
Suppose n + 0*h + 4*h = -12, -2*h = 2*n. Suppose 0 = n*x + 2 + 18. Let r(v) be the second derivative of -v**4/12 - 7*v**3/6 - 5*v**2/2 + v. Calculate r(x).
5
Let c = 2 + 1. Let s(o) = 4*o - c - o - o. Suppose 7*u - 2*u - 20 = 0. Give s(u).
5
Let o(l) be the first derivative of -l**3/3 - l**2/2 - 7*l - 2. Let t = 35 + -35. What is o(t)?
-7
Let o(l) = l**3 + 2*l**2 - l + 1. Let a be o(-2). Let f(b) = 10*b**a - 5 - b**2 + 4 - 2*b - 1 + 1. Let k(m) = -m**2 + 5*m - 1. Let h be k(5). Give f(h).
-10
Suppose 2*i - 10 = 2*u, -3*i = 2*u - 21 + 6. Suppose -4*r + 11 + 1 = u. Let y(g) = -4*g + 4 + 0 - r. Calculate y(1).
-3
Let z = 1 - -2. Suppose z*f + 2*o = 6*f - 6, -4*o = 3*f - 24. Let b(a) = 2 + 0*a**3 - a**3 - 4*a**2 + 2*a**3 + 2*a. What is b(f)?
10
Let r(m) be the first derivative of -m**2/2 - m - 2. Let d = -12 + 6. Let t = 3 + d. What is r(t)?
2
Let m = 5 - 1. Let g(j) = 0 + 5 + 3 - j. Let y(f) = 1. Let u(b) = -g(b) + 6*y(b). What is u(m)?
2
Let v(c) = -c - 2. Let q be v(-4). Suppose 5*n - q*p - 1 = -2, -4*p = -5*n - 7. Let b(j) = n - 5*j - 3 - 5*j**2 - j**3 + 0. What is b(-3)?
-5
Let o(z) be the first derivative of -z**3/3 + 7*z**2/2 - 6*z + 16. What is o(4)?
6
Suppose 0*s + 3*s = 5*j, 4*j = -s - 17. Let c(l) = 3*l - 7 - 4*l + 6. Determine c(s).
4
Suppose 2*r - r + 1 = 0. Let p(n) be the first derivative of -n**4 - n + 1. Determine p(r).
3
Let b be 34/(-6) + 2/(-6). Let a(o) = -o**3 + o**2 + o. Let r be a(-2). Let u = b + r. Let m(q) = q - 2. Calculate m(u).
2
Let l(r) = -r**3 + 4*r**2 - 2*r + 3. Let i = 0 + 2. Suppose -2*t + 6 + i = 0. Determine l(t).
-5
Suppose -3*m - 3 = -4*m. Let c(l) = l**3 - l**2 - l. Give c(m).
15
Let v(d) be the first derivative of 2*d - 2 + 1/6*d**3 - 1/20*d**5 - d**2 - 1/4*d**4. Let u(b) be the first derivative of v(b). What is u(-3)?
-5
Let s = -1 - -3. Suppose -2*v = b - 1, 0 = -3*b - s*v - 0*v - 1. Let x(g) be the third derivative of -g**5/30 + g**4/12 + g**3/6 - 3*g**2. What is x(b)?
-3
Let g(t) = -5*t**2 + 315*t**3 - 316*t**3 + 8 + t + 6*t. Calculate g(-6).
2
Let z(m) = -m**2 - 5*m + 1. Let h(t) = -5*t**2 - 26*t + 6. Suppose -12 + 1 = r. Let i(o) = r*z(o) + 2*h(o). Suppose 11 - 3 = -2*b. Give i(b).
5
Let a(w) = w**2 - 8*w + 10. Let y(l) = 2*l**2 + 5*l + 1. Let b be y(-4). Let q = -6 + b. Give a(q).
3
Suppose -4*m